.
24
Calculate the greatest common factor of 55 and 737.
11
What is the highest common factor of 614 and 2?
2
What is the highest common divisor of 5920 and 5?
5
Calculate the greatest common factor of 8 and 314.
2
Calculate the greatest common factor of 132 and 13596.
132
Calculate the greatest common divisor of 8281 and 182.
91
Calculate the highest common factor of 352 and 33.
11
What is the greatest common factor of 352 and 880?
176
Calculate the greatest common divisor of 14380 and 8.
4
Calculate the greatest common divisor of 1183 and 4823.
91
Calculate the greatest common factor of 304 and 1976.
152
Calculate the greatest common divisor of 5047 and 49.
49
What is the greatest common divisor of 1 and 53?
1
Calculate the greatest common divisor of 80 and 304.
16
Calculate the greatest common factor of 872 and 109.
109
What is the highest common factor of 6460 and 1330?
190
What is the highest common factor of 120 and 276?
12
Calculate the highest common factor of 816 and 2160.
48
Calculate the greatest common factor of 21 and 1379.
7
Calculate the highest common divisor of 3600 and 288.
144
What is the greatest common factor of 14 and 126?
14
What is the greatest common factor of 198 and 1008?
18
Calculate the greatest common divisor of 72 and 27.
9
What is the greatest common factor of 4043 and 933?
311
Calculate the greatest common factor of 294 and 252.
42
Calculate the highest common factor of 60 and 30.
30
Calculate the greatest common divisor of 15594 and 1695.
339
Calculate the greatest common divisor of 2768 and 32.
16
What is the greatest common factor of 384 and 4?
4
Calculate the highest common divisor of 95 and 152.
19
What is the highest common divisor of 16498 and 113?
113
What is the highest common divisor of 24 and 4344?
24
What is the highest common divisor of 718 and 28?
2
What is the highest common factor of 33 and 363?
33
Calculate the greatest common divisor of 60 and 156.
12
Calculate the highest common factor of 35453 and 121.
121
What is the greatest common divisor of 151 and 2416?
151
Calculate the highest common divisor of 1675 and 25.
25
Calculate the greatest common factor of 18 and 9.
9
Calculate the highest common factor of 1075 and 425.
25
What is the highest common factor of 4209 and 69?
69
What is the greatest common factor of 676 and 572?
52
What is the greatest common factor of 29 and 493?
29
Calculate the highest common divisor of 35949 and 69.
69
What is the highest common factor of 219 and 730?
73
Calculate the highest common divisor of 234 and 18.
18
Calculate the greatest common divisor of 1392 and 29.
29
What is the greatest common factor of 783 and 609?
87
Calculate the highest common divisor of 80 and 256.
16
What is the greatest common factor of 2 and 37?
1
Calculate the highest common factor of 494 and 10.
2
Calculate the greatest common divisor of 348 and 2004.
12
Calculate the greatest common divisor of 66 and 1210.
22
What is the highest common factor of 70 and 170?
10
Calculate the greatest common factor of 153 and 2941.
17
What is the greatest common divisor of 51 and 85?
17
Calculate the greatest common factor of 98 and 56.
14
Calculate the highest common factor of 581 and 63.
7
What is the highest common factor of 12 and 9?
3
What is the greatest common factor of 558 and 72?
18
Calculate the highest common divisor of 1140 and 13965.
285
Calculate the greatest common divisor of 3 and 213.
3
Calculate the greatest common divisor of 992 and 3348.
124
What is the highest common factor of 19 and 2033?
19
Calculate the greatest common factor of 11724 and 12.
12
What is the greatest common factor of 4007 and 1?
1
What is the greatest common factor of 15 and 8355?
15
Calculate the greatest common divisor of 14 and 203.
7
Calculate the greatest common divisor of 36 and 15408.
36
Calculate the highest common divisor of 208 and 784.
16
What is the greatest common divisor of 162 and 642?
6
Calculate the highest common divisor of 830 and 60.
10
What is the greatest common factor of 475 and 95?
95
Calculate the highest common divisor of 120 and 2256.
24
What is the highest common divisor of 18 and 10?
2
Calculate the highest common factor of 704 and 96.
32
What is the greatest common factor of 103752 and 33?
33
Calculate the greatest common divisor of 489 and 10432.
163
What is the greatest common divisor of 3 and 9?
3
What is the greatest common divisor of 9 and 1791?
9
Calculate the highest common factor of 429 and 78.
39
Calculate the greatest common divisor of 159 and 21147.
159
What is the greatest common divisor of 1357 and 23?
23
What is the greatest common factor of 2196 and 636?
12
Calculate the highest common factor of 156 and 60.
12
Calculate the highest common divisor of 336 and 1281.
21
What is the greatest common factor of 3060 and 48?
12
Calculate the greatest common divisor of 732 and 9028.
244
Calculate the highest common factor of 2 and 911.
1
What is the greatest common factor of 40 and 680?
40
Calculate the highest common divisor of 176 and 242.
22
Calculate the highest common divisor of 80 and 5360.
80
What is the greatest common factor of 205 and 18819?
41
Calculate the greatest common divisor of 4 and 2544.
4
What is the highest common divisor of 45 and 90?
45
What is the highest common factor of 387 and 9?
9
What is the highest common factor of 225 and 144?
9
Calculate the greatest common factor of 92 and 4439.
23
What is the greatest common factor of 381 and 9271?
127
Calculate the highest common factor of 52 and 176.
4
Calculate the greatest common divisor of 30 and 150.
30
Calculate the greatest common factor of 21 and 56.
7
What is the greatest common divisor of 252 and 18?
18
What is the highest common divisor of 17 and 61591?
17
What is the highest common factor of 592 and 16?
16
Calculate the greatest common divisor of 85 and 15.
5
Calculate the highest common factor of 6 and 6.
6
What is the greatest common factor of 705 and 75?
15
Calculate the highest common factor of 24 and 5892.
12
What is the greatest common factor of 9402 and 18?
6
Calculate the greatest common divisor of 9 and 243.
9
Calculate the greatest common factor of 1622 and 2.
2
Calculate the greatest common factor of 4495 and 580.
145
What is the highest common factor of 30 and 23610?
30
Calculate the highest common divisor of 2015 and 1023.
31
What is the highest common divisor of 1581 and 17?
17
Calculate the highest common factor of 1236 and 132.
12
What is the greatest common factor of 1976 and 304?
152
What is the highest common factor of 176 and 56?
8
Calculate the greatest common factor of 434 and 186.
62
What is the greatest common factor of 1592 and 4?
4
Calculate the highest common factor of 2072 and 280.
56
What is the highest common divisor of 2562 and 56?
14
Calculate the greatest common factor of 650 and 25.
25
What is the greatest common factor of 539 and 275?
11
What is the highest common factor of 7442 and 122?
122
Calculate the greatest common divisor of 50 and 23825.
25
What is the highest common divisor of 287 and 80647?
287
Calculate the highest common divisor of 9120 and 24.
24
What is the highest common divisor of 8 and 1492?
4
What is the greatest common divisor of 106 and 212?
106
What is the greatest common factor of 2120 and 40?
40
Calculate the highest common factor of 12 and 2172.
12
What is the highest common factor of 1846 and 284?
142
What is the greatest common factor of 68 and 3808?
68
Calculate the highest common factor of 8874 and 116.
58
What is the highest common divisor of 3232 and 101?
101
What is the highest common factor of 57 and 684?
57
What is the highest common divisor of 357 and 147?
21
What is the highest common divisor of 40 and 10830?
10
Calculate the highest common divisor of 245 and 10.
5
Calculate the greatest common factor of 22 and 2750.
22
What is the greatest common divisor of 406 and 161?
7
What is the greatest common divisor of 4077 and 9?
9
Calculate the greatest common divisor of 92 and 23.
23
Calculate the highest common divisor of 8 and 2776.
8
What is the highest common factor of 91 and 2951?
13
Calculate the highest common factor of 2286 and 72.
18
What is the greatest common divisor of 790 and 490?
10
Calculate the highest common fact